highest common divisor of d and 4.
4
Let p = 100 - 60. Let t = -536 + 539. Suppose -197 + 67 = -5*m + 2*d, -d = -t*m + 77. Calculate the highest common factor of m and p.
8
Suppose 23*k - 696 = 569. Let i(m) = 4*m**3 - 2*m. Let n be i(2). Let l = 50 - n. Calculate the greatest common factor of l and k.
11
Suppose -5*b + 275 = j, -609 = 4*j + 5*b - 1634. Calculate the highest common divisor of 150 and j.
50
Let z(g) = -g**2 - 90*g + 743. Let c be z(7). What is the highest common divisor of 352 and c?
32
Suppose 2*o + 8 = 0, 85 = 3*n + 3*o - 71. Let b = 139 - 131. What is the highest common divisor of b and n?
8
Let j = 7867 + -4795. What is the highest common factor of j and 6?
6
Suppose -10*i + 12*i = -308. Let m = i - -93. Let v = -27 - m. What is the highest common factor of v and 17?
17
Let t be 107/15 + (-7 - 1339/(-195)). Suppose 2*p = -4*f + 354, t*f - p - 425 = 2*f. Calculate the greatest common factor of f and 387.
43
Let v be 4 - (10/(-25) - 66/(-15)). Suppose -10*q + 764 - 244 = v. Calculate the greatest common divisor of 1404 and q.
52
Let j(p) = -2*p - 41. Let o be j(-24). Let x be 35/(-10)*(-380)/o. What is the greatest common factor of x and 10?
10
Suppose 0 = -3*b - 2*q + 74, -5*b - 5*q + 9*q = -160. What is the highest common divisor of 16772 and b?
28
Suppose 3*a - 12 = 0, -1578 + 347 = -3*f + 2*a. Let n be (2 - 11/6) + f/6. Calculate the greatest common divisor of 276 and n.
69
Suppose 58*w = -30*w + 1210 + 6886. What is the greatest common factor of w and 1058?
46
Suppose -s = x + 54, -218 = -0*s + 4*s + 5*x. Let u be (-22)/26 + 8/s. Let g = 21 - u. What is the highest common factor of g and 44?
22
Let d = 31 - 15. Let m = -769 - -651. Let o = m + 122. What is the greatest common factor of d and o?
4
Let j(l) = 2*l**2 - 93*l - 910. Let w be j(56). Calculate the highest common divisor of 2332 and w.
22
Suppose -6*l + 1 = 13. Let f be (-7)/((-105)/110) + l/6. Suppose f*d - 76 - 57 = 0. What is the highest common divisor of d and 209?
19
Suppose -10*t - 641 + 691 = 0. Let h(j) = -j + 3. Let r be h(-3). What is the highest common factor of t and r?
1
Suppose 3*z - 4*x + 2 - 33 = 0, -x = 3*z - 26. Suppose -12 = -4*u + 7*u. Let h = 13 + u. Calculate the greatest common factor of z and h.
9
Let v = -15 + 47. Let y = -102 + 104. Suppose -2*p - y + 8 = 0, 0 = d - p - 5. What is the greatest common divisor of v and d?
8
Let h be (18/(-5))/((-3)/10). Let r = 8339 - 8323. Calculate the highest common factor of r and h.
4
Let k be ((-66)/55)/((-12)/240*3). What is the highest common factor of 23176 and k?
8
Let s be (-89128)/(-208) + (-10)/4. What is the highest common factor of s and 54?
6
Suppose -5*m + 3*t + 11380 = -2*t, 3*m + t = 6844. What is the highest common divisor of 12 and m?
12
Let j be (-38 + -1)/(2/(-48)). Let p be (-6)/(-4)*(-256)/(-120)*(-105)/(-14). Calculate the greatest common factor of p and j.
24
Let h(t) = 3*t - 20. Let j(b) = 5*b - 39. Let m(n) = -11*h(n) + 6*j(n). Let p be m(-10). Suppose p = a - 20. Calculate the greatest common divisor of a and 48.
12
Suppose 0 = -33*z + 37*z - 5*a - 5818, 5*z - 7254 = -3*a. What is the greatest common factor of 108 and z?
12
Let j = -8866 + 12666. What is the greatest common divisor of 600 and j?
200
Let j = -8900 - -8933. Let n(q) = q + 3. Let h be n(0). Suppose i + 726 = h*i. Calculate the highest common divisor of i and j.
33
Suppose 3*g + f - 107 = 0, -4*f - 170 = -5*g + 14. Suppose s = 2*d - 1261, 35*d - g*d = 5*s - 625. What is the greatest common factor of d and 45?
45
Let q be (-288)/(-8) - -2*2. Let x(c) = c**2 + 3*c - 16. Suppose 5*s + 7 = -33. Let n be x(s). What is the greatest common factor of n and q?
8
Let z = 72444 - 72126. Let c = 21 - 15. What is the greatest common factor of c and z?
6
Let o be ((-5955)/3970)/((-2)/36). Suppose -2*g + 5*g - 12 = 0. Calculate the highest common factor of g and o.
1
Let q = 76 + -72. Let g = 13 + -10. Suppose 5*p + 372 = q*y, -93 = -y + g*p + 2*p. Calculate the greatest common factor of y and 62.
31
Let x = 3945 + -3623. What is the highest common factor of x and 28?
14
Let t(y) = y**2 + 3*y + 55. Let h be 0*((-4 - 1) + 4). Let o be t(h). Calculate the highest common factor of o and 10.
5
Suppose -5*w = 4*q + 2204, 2*q = -4*w - 1002 - 766. Let i be (-20)/(-5) + 4/((-16)/w). Calculate the highest common divisor of 5 and i.
5
Suppose 154*n - 4377 = 2245. Calculate the highest common divisor of 5504 and n.
43
Suppose -2*v = -r - 4*r - 7, -4*v + r = 13. Let b be 114/v - (-16)/32. Let w be b*(4 + 33/(-6)). What is the highest common divisor of w and 105?
21
Suppose -2*m + 0*m = -30. Suppose -5*p + 814 = 804. Suppose p*s + 533 = -f + 6*f, 2*s - 412 = -4*f. What is the greatest common factor of f and m?
15
Suppose -3*z + s + 1045 = 0, s + 345 = z + 4*s. Let y be (58/(-6))/(((-12)/(-18))/(-4 - -2)). What is the greatest common divisor of y and z?
29
Let a(m) = 3*m**2 - 5*m + 9. Suppose 5*y - 10*y + 265 = 0. Let x = 60 - y. Let p be a(x). Calculate the greatest common factor of 11 and p.
11
Suppose 9*y + 1465 - 2346 = 8245. What is the greatest common factor of y and 624?
78
Let o = 167 + 273. Suppose -50*i + 3324 - 1324 = 0. Calculate the greatest common factor of i and o.
40
Let y = -31 + 34. Let t = y - 3. Suppose t = -5*r + 8*r - 48. What is the highest common divisor of r and 8?
8
Suppose -2*p - 818 = 4*i, 2*p = -i + 82 - 282. Let t = 591 + i. Calculate the greatest common divisor of 70 and t.
35
Suppose -51*d + 370 + 344 = 0. What is the highest common factor of d and 175?
7
Let s(o) = 945*o**2 - 23*o - 13. Let a be s(-3). What is the highest common factor of 7 and a?
7
Suppose 2*q - 603 = c + 253, 3*q = 5*c + 1256. Calculate the greatest common factor of q and 11088.
144
Suppose 3*r - 110 + 11 = -3*w, -103 = -3*w - 5*r. What is the greatest common divisor of w and 1643?
31
Suppose 2*o - 10*o - 9320 = 0. Let g be (-2)/11 + o/(-55). Suppose -7*j = -10*j + g. What is the highest common factor of 63 and j?
7
Suppose 5*b - 189*f - 33 = -186*f, -40 = -4*b - f. Calculate the greatest common factor of 3501 and b.
9
Suppose 0 = -56*f + 250 + 142. What is the greatest common divisor of f and 1309?
7
Suppose 5*r - 76 = 444. Suppose 3*t - 64 = -2*n + 15, 4*t = -4*n + r. Let y be ((5 + 7)/6 + -1)/(-1) - -4. Calculate the highest common factor of t and y.
3
Let v(l) = -l**3 + 14*l**2 - 18*l + 6. Let r be v(8). Let f = r + -240. Calculate the highest common factor of 27 and f.
3
Let h be -90*-7*(-24)/(-112). Calculate the highest common factor of h and 360.
45
Let f(w) = -2*w**2 - 24*w + 146. Let i be f(-16). Suppose 1 = 2*b - 121. Let r = b + -7. What is the highest common factor of r and i?
18
Let a(m) = m + 2. Suppose 13*b = 5*b + 16. Let o be a(b). Suppose 3*h - n - 216 = 0, o*n - 144 = -2*h - 0. What is the greatest common divisor of 9 and h?
9
Let l = -15 + 92. Suppose 6*g = 3*g + 33. Calculate the greatest common divisor of l and g.
11
Let i be 84*-60*(468/315)/(-13). Calculate the highest common factor of 192 and i.
192
Suppose 3678 = 5*r - 361*m + 364*m, -2*r = m - 1471. What is the greatest common divisor of 885 and r?
15
Let x(t) = 19*t + 1553. Let n be x(-32). What is the greatest common factor of n and 70?
35
Let h = 284 + -110. What is the greatest common divisor of h and 6?
6
Let o be (-990)/(-54) + -19 + 224/3. What is the greatest common factor of o and 962?
74
Let b(o) = o**2 + 2*o - 4. Let i be b(-7). Let l = i + -9. Let d(y) = -147*y - 27875. Let u be d(-190). Calculate the greatest common factor of l and u.
11
Let w be -55*14/490*-203. What is the greatest common divisor of w and 7018?
319
Let f = 610 + -205. Suppose -10*w + f = -7*w. Let n(m) = m**3 + 9*m**2 - 2*m - 9. Let k be n(-9). Calculate the greatest common factor of w and k.
9
Suppose -5*j - 6*g + 27762 = 0, -5*j + 3*g + 6317 = -21517. Calculate the highest common factor of j and 1442.
206
Suppose -117*g = -2015 - 3835. Let m(y) = -242*y - 1. Let r be m(1). Let s = -118 - r. What is the greatest common factor of s and g?
25
Let c = 9769 - 9767. What is the highest common divisor of 2942 and c?
2
Suppose o - 134 = 634. Suppose -49*c + 51*c = o. Let u be (-4)/26 + (-626)/(-13). What is the greatest common factor of c and u?
48
Let m(j) = 856*j**2 - 42*j - 118. 